ed by 79?
7
What is the remainder when 75 is divided by 29?
17
What is the remainder when 151 is divided by 85?
66
Calculate the remainder when 36 is divided by 29.
7
What is the remainder when 303 is divided by 156?
147
What is the remainder when 15065 is divided by 162?
161
What is the remainder when 430 is divided by 112?
94
Calculate the remainder when 287 is divided by 108.
71
What is the remainder when 1960 is divided by 65?
10
Calculate the remainder when 425 is divided by 133.
26
Calculate the remainder when 484 is divided by 18.
16
What is the remainder when 13799 is divided by 100?
99
What is the remainder when 4080 is divided by 9?
3
Calculate the remainder when 437 is divided by 152.
133
What is the remainder when 196 is divided by 33?
31
Calculate the remainder when 216 is divided by 74.
68
Calculate the remainder when 996 is divided by 8.
4
What is the remainder when 6699 is divided by 134?
133
Calculate the remainder when 329 is divided by 40.
9
Calculate the remainder when 41 is divided by 22.
19
Calculate the remainder when 285 is divided by 70.
5
Calculate the remainder when 8 is divided by 7.
1
What is the remainder when 116 is divided by 37?
5
What is the remainder when 4749 is divided by 5?
4
Calculate the remainder when 198 is divided by 110.
88
Calculate the remainder when 775 is divided by 8.
7
Calculate the remainder when 22 is divided by 12.
10
What is the remainder when 1990 is divided by 11?
10
What is the remainder when 648 is divided by 180?
108
What is the remainder when 155 is divided by 25?
5
Calculate the remainder when 1749 is divided by 24.
21
Calculate the remainder when 202 is divided by 92.
18
Calculate the remainder when 3241 is divided by 69.
67
Calculate the remainder when 411 is divided by 23.
20
Calculate the remainder when 1482 is divided by 1474.
8
What is the remainder when 59 is divided by 20?
19
Calculate the remainder when 746 is divided by 151.
142
Calculate the remainder when 165 is divided by 85.
80
Calculate the remainder when 646 is divided by 74.
54
What is the remainder when 1071 is divided by 108?
99
What is the remainder when 654 is divided by 324?
6
What is the remainder when 66 is divided by 18?
12
Calculate the remainder when 151 is divided by 38.
37
Calculate the remainder when 352 is divided by 68.
12
Calculate the remainder when 249 is divided by 35.
4
Calculate the remainder when 111 is divided by 84.
27
What is the remainder when 1525 is divided by 102?
97
Calculate the remainder when 31 is divided by 9.
4
What is the remainder when 38 is divided by 35?
3
Calculate the remainder when 58 is divided by 37.
21
Calculate the remainder when 14659 is divided by 23.
8
Calculate the remainder when 1997 is divided by 77.
72
What is the remainder when 118 is divided by 51?
16
Calculate the remainder when 7559 is divided by 21.
20
What is the remainder when 649 is divided by 65?
64
What is the remainder when 90 is divided by 50?
40
What is the remainder when 41 is divided by 12?
5
Calculate the remainder when 237 is divided by 40.
37
Calculate the remainder when 1676 is divided by 28.
24
Calculate the remainder when 350 is divided by 89.
83
Calculate the remainder when 4280 is divided by 86.
66
Calculate the remainder when 46 is divided by 7.
4
What is the remainder when 316 is divided by 83?
67
What is the remainder when 249 is divided by 5?
4
What is the remainder when 6 is divided by 3?
0
Calculate the remainder when 215 is divided by 46.
31
Calculate the remainder when 10100 is divided by 7.
6
What is the remainder when 398 is divided by 25?
23
Calculate the remainder when 189 is divided by 53.
30
What is the remainder when 920 is divided by 9?
2
What is the remainder when 637 is divided by 32?
29
What is the remainder when 1112 is divided by 63?
41
Calculate the remainder when 1853 is divided by 49.
40
What is the remainder when 5292 is divided by 1759?
15
What is the remainder when 4510 is divided by 173?
12
Calculate the remainder when 101 is divided by 21.
17
Calculate the remainder when 2500 is divided by 832.
4
Calculate the remainder when 77 is divided by 11.
0
What is the remainder when 556 is divided by 31?
29
Calculate the remainder when 1709 is divided by 507.
188
What is the remainder when 110 is divided by 17?
8
Calculate the remainder when 112 is divided by 38.
36
What is the remainder when 1036 is divided by 122?
60
What is the remainder when 24 is divided by 12?
0
Calculate the remainder when 5136 is divided by 66.
54
Calculate the remainder when 491 is divided by 138.
77
Calculate the remainder when 934 is divided by 72.
70
What is the remainder when 1618 is divided by 124?
6
What is the remainder when 627 is divided by 5?
2
What is the remainder when 4631 is divided by 331?
328
What is the remainder when 1172 is divided by 69?
68
Calculate the remainder when 311 is divided by 13.
12
Calculate the remainder when 227 is divided by 77.
73
What is the remainder when 1885 is divided by 32?
29
Calculate the remainder when 32 is divided by 17.
15
Calculate the remainder when 39 is divided by 1.
0
What is the remainder when 75 is divided by 60?
15
Calculate the remainder when 653 is divided by 153.
41
What is the remainder when 1905 is divided by 36?
33
Calculate the remainder when 1602 is divided by 230.
222
Calculate the remainder when 710 is divided by 207.
89
Calculate the remainder when 421 is divided by 47.
45
Calculate the remainder when 112 is divided by 69.
43
Calculate the remainder when 2678 is divided by 19.
18
Calculate the remainder when 1221 is divided by 49.
45
What is the remainder when 241 is divided by 42?
31
Calculate the remainder when 11549 is divided by 210.
209
What is the remainder when 218 is divided by 30?
8
What is the remainder when 276 is divided by 176?
100
What is the remainder when 529 is divided by 7?
4
Calculate the remainder when 322 is divided by 39.
10
Calculate the remainder when 658 is divided by 184.
106
What is the remainder when 1355 is divided by 125?
105
What is the remainder when 59 is divided by 12?
11
Calculate the remainder when 218 is divided by 67.
17
Calculate the remainder when 89 is divided by 66.
23
Calculate the remainder when 117 is divided by 105.
12
Calculate the remainder when 1074 is divided by 22.
18
Calculate the remainder when 837 is divided by 65.
57
What is the remainder when 50 is divided by 1?
0
What is the remainder when 83 is divided by 5?
3
Calculate the remainder when 186 is divided by 180.
6
Calculate the remainder when 188 is divided by 16.
12
What is the remainder when 972 is divided by 5?
2
What is the remainder when 588 is divided by 16?
12
Calculate the remainder when 223 is divided by 47.
35
Calculate the remainder when 894 is divided by 56.
54
What is the remainder when 127 is divided by 29?
11
Calculate the remainder when 96 is divided by 25.
21
What is the remainder when 816 is divided by 82?
78
Calculate the remainder when 124 is divided by 18.
16
What is the remainder when 217 is divided by 20?
17
What is the remainder when 162 is divided by 67?
28
Calculate the remainder when 689 is divided by 229.
2
Calculate the remainder when 1100 is divided by 534.
32
Calculate the remainder when 522 is divided by 40.
2
Calculate the remainder when 6116 is divided by 8.
4
What is the remainder when 6269 is divided by 28?
25
Calculate the remainder when 336 is divided by 115.
106
What is the remainder when 861 is divided by 50?
11
Calculate the remainder when 134 is divided by 15.
14
Calculate the remainder when 224 is divided by 29.
21
What is the remainder when 17947 is divided by 16?
11
Calculate the remainder when 388 is divided by 24.
4
What is the remainder when 272 is divided by 13?
12
What is the remainder when 4449 is divided by 53?
50
What is the remainder when 673 is divided by 25?
23
Calculate the remainder when 381 is divided by 16.
13
What is the remainder when 285 is divided by 253?
32
Calculate the remainder when 4114 is divided by 7.
5
What is the remainder when 65 is divided by 25?
15
Calculate the remainder when 33 is divided by 33.
0
What is the remainder when 118 is divided by 8?
6
What is the remainder when 15369 is divided by 28?
25
What is the remainder when 2025 is divided by